574 = -u*o + 1. What are the prime factors of o?
5, 7
Let b(w) = -445*w + 588. What are the prime factors of b(-12)?
2, 3, 13, 19
Suppose 0 = 14*x - 55578 - 1738. List the prime factors of x.
2, 23, 89
Suppose 44*t - 22416 = 87872 - 9132. List the prime factors of t.
11, 19
What are the prime factors of 262*(-10 + (-385)/(-14))?
5, 7, 131
Suppose -n + 52 = 2*a - 75, -3*a + 6 = 0. Let o = n - 53. Suppose 65*y + 800 = o*y. List the prime factors of y.
2, 5
What are the prime factors of ((-4)/(-5))/((-82)/(-791710)) - -6?
2, 5, 773
Let p(j) = 5*j**2 + 21*j + 28. Suppose 4*s + r + 83 = 20, -76 = 5*s + 4*r. List the prime factors of p(s).
2, 3
Let k = 6655 + 28274. List the prime factors of k.
3, 3881
List the prime factors of 1/(-4) - (962558802/(-216))/83.
2, 5, 7, 13, 59
Let n = 7403 + -1498. Suppose 5*p - 4*v = n, -3*p + 499 = -v - 3037. List the prime factors of p.
11, 107
Let o = -413 + 513. Suppose 2*i + 4*t = o, -16*t + 11*t + 270 = 5*i. List the prime factors of i.
2, 29
What are the prime factors of (504/(-336))/((-3)/72972)?
2, 3, 2027
What are the prime factors of -1 - 68*1*(-233)/2?
89
What are the prime factors of (((-6)/(-15))/(16/90))/(12/55712)?
2, 3, 1741
Suppose -422 - 101308 = -6*f. List the prime factors of f.
5, 3391
Suppose 5*h = -7 + 27. Suppose 0 = x + 5*l - 0*l - 371, h*l - 1750 = -5*x. What are the prime factors of x?
2, 173
Suppose 3*g + 0*j + 2*j - 4 = 0, 0 = 5*g + 2*j - 8. Let q(r) = -r**3 + 3 + 7 + 5 + 12*r**2 - 3*r - 2*r**g. List the prime factors of q(7).
3, 47
Suppose -52*y + 227803 + 164433 = 0. What are the prime factors of y?
19, 397
Let o(f) = -6*f**2 + 2*f - 49. Let s be o(-14). Let j = -822 - s. What are the prime factors of j?
431
Let z(o) = 11*o**2 + 4*o + 2. Let i be z(-19). Let a = -2248 + i. List the prime factors of a.
17, 97
Suppose 0 = -382*l + 20527834 - 3940630. What are the prime factors of l?
2, 3, 7237
Let w = 12235 + -9650. What are the prime factors of w?
5, 11, 47
Let d(g) = -23 + 28*g - 92*g**3 - 15*g**2 - 1 + 93*g**3. What are the prime factors of d(14)?
2, 43
Suppose -3*d + 9*d - 2652 = -6*d. What are the prime factors of d?
13, 17
Let x = 14128 + -9778. What are the prime factors of x?
2, 3, 5, 29
Let j(s) = 216*s**2 - 8*s - 12. What are the prime factors of j(-3)?
2, 3, 163
Let v = -67 + 103. Suppose 0 = -3*n + 7*n + v. Let h = n - -13. List the prime factors of h.
2
Let h be ((-3)/(-1))/(30/(-520)). Let q = -64 - h. List the prime factors of 1665/20 + 3/q.
83
Let i be 4*2/4 - 0. Suppose -5*a = -3*c - 11, 10 = 4*c - i*c + a. List the prime factors of c/(-5)*-1*(143 + 2).
3, 29
Let y(o) = o**3 - 2*o**2 - 8*o - 8. Let a be y(-3). Let t = a + 371. List the prime factors of t.
2, 3, 19
Let p(y) = -82*y + 12. Let h be p(3). Let t = -102 - h. What are the prime factors of t?
2, 3, 11
Suppose 0 = -3*q + 3, 10*q = d + 8*q + 66. Let u be (16/(-6) + 2)*3. Let n = u - d. What are the prime factors of n?
2, 31
Let p(h) = -h**2 + 14*h + 6. Let a be p(-13). Let y = -195 - a. List the prime factors of y.
2, 3, 5
Let h(t) = -106*t + 317. List the prime factors of h(-14).
1801
Let n(s) = 26*s**2 + 16*s + 89. Suppose 63 - 105 = 7*g. What are the prime factors of n(g)?
929
What are the prime factors of (230/(-15) - -15)*-47289?
11, 1433
What are the prime factors of (4 - 2) + (34 - -15963)?
3, 5333
Let w(g) = g**3 + 5*g**2 + 3*g + 20. Let f(n) = -5*n - 19. Let i be f(-3). What are the prime factors of w(i)?
2, 3
Let y(c) = c**3 + 2*c + 37. Let z be 1/(-6) + 1/6. What are the prime factors of y(z)?
37
Let d be 9/15 + -2 + (-9)/15. Let u be (d - (0 - 1)) + (-6 - -14). List the prime factors of (-560)/(-98) - (-2)/u.
2, 3
Let i = -290 + 35. Suppose 215 - 71 = -a. Let c = a - i. List the prime factors of c.
3, 37
Let z(o) = -3*o**3 - o**2 - 3*o - 2. Suppose 0 = 3*h - 16*h - 13. Let f be z(h). What are the prime factors of 1/f - 90/27 - -126?
3, 41
Let m(y) = 2*y**3 - y**2 - 81. Let s be m(0). Let r = s + 409. List the prime factors of r.
2, 41
Let u(s) = -1 + 3*s**2 - s**2 - 9*s - 4*s**2 - 11 + 6*s**2. Suppose -3*d + 7 + 17 = 0. What are the prime factors of u(d)?
2, 43
What are the prime factors of (-60)/(-40)*(-8 - -9850)?
3, 7, 19, 37
Suppose 5*u - l = 1049 + 1382, 3*u - 4*l - 1445 = 0. List the prime factors of u.
487
Suppose -22*l + 40068 = -74024. Suppose -18686 + l = -36*v. List the prime factors of v.
3, 5
What are the prime factors of (9 + -6)/((-2)/(-6)) + 9635?
2, 2411
Let o(j) = 3*j + 42. Let i be o(-11). Let f(v) = v**3 - 7*v**2 + 6*v + 15. What are the prime factors of f(i)?
3, 7, 11
Let j(i) = -5541*i + 331. List the prime factors of j(-2).
101, 113
Let k(a) = 396*a + 66. Let o(v) = 79*v + 13. Let b(i) = 4*k(i) - 21*o(i). Let j = -64 - -62. What are the prime factors of b(j)?
3, 47
Let z(j) = -j**2 - j. Let k be z(0). Suppose 2*c - 4*c = k. Suppose c = -4*v + m + 193, -m = 3*m + 20. List the prime factors of v.
47
Let t be (-1134)/(5/(-8 - -3)). Let g = t - -188. List the prime factors of g.
2, 661
Suppose j - 2*d = -7*d + 68012, 4*j - d - 272069 = 0. What are the prime factors of j?
17, 4001
Let r = -1960 + 2670. What are the prime factors of r?
2, 5, 71
Suppose -5*d - 39316 = -7*d + f, -5*d = -2*f - 98288. What are the prime factors of d?
2, 3, 7, 13
Suppose -3*o + 7 - 31 = -4*f, -21 = -3*f + 3*o. Suppose -5*j = r - 2150, -f*r + 514 - 84 = j. What are the prime factors of j?
2, 5, 43
Let d(b) = -2*b**3 - 86*b**2 - 50*b - 23. List the prime factors of d(-43).
3, 709
Let i be (0 - 1)*(18 + -16). What are the prime factors of 13/13*(401 + i)?
3, 7, 19
Let c = -223 + 220. What are the prime factors of 5/c - 16765/(-15)?
2, 3, 31
Let z(a) be the second derivative of 53*a**3/2 - a**2/2 - 70*a. List the prime factors of z(3).
2, 7, 17
List the prime factors of 8/10*((-120)/42)/(6/(-19257)).
2, 7, 131
Let n(c) = -325 - 212*c + 273*c - 18. List the prime factors of n(6).
23
Suppose b - 1725 - 1465 = 0. Let t = -1933 + b. List the prime factors of t.
3, 419
Let u = -172 - -178. Suppose 1632 = u*b - 0*b. List the prime factors of b.
2, 17
Let s = 1325 - -2393. Suppose -28*k + 6*k = -s. What are the prime factors of k?
13
Suppose 2*o + 4*l = 45288, -3*o + 91*l = 89*l - 67924. What are the prime factors of o?
2, 11321
Let h = -7282 + 7285. Suppose -u + 76 = 3*u. Suppose -3*r + 32 = a + 4*a, 2*r - u = -h*a. What are the prime factors of a?
7
Suppose 5*g + 12497 = -3*y + 50679, -y = 5*g - 38174. List the prime factors of g.
2, 11, 347
Let o be (-4 - -8 - -3)*(586 - -6). Suppose o = 4*a - c, -3*c - 5173 = -9*a + 4*a. What are the prime factors of a?
17, 61
Suppose -12*f - f = 169. Let c = 164 - f. List the prime factors of c.
3, 59
Suppose 2*t - 684 = 2*a, -4*a = -7*a - 4*t - 1026. Let b = -104 - a. What are the prime factors of b?
2, 7, 17
Let l = 28494 - 21527. List the prime factors of l.
6967
Suppose -62 = -3*c + 5*p - 13, 4*p = -c - 12. Let q be (-610)/(-25) + c/(-20). List the prime factors of 64/10*60/q.
2
Let a(u) = -13*u**2 - 72*u - 13. Let b be a(-8). Let p(g) = 125*g + 5. Let c be p(4). Let s = b + c. What are the prime factors of s?
2, 59
Let q be 2/(-7) - 3*57/63. Let r(o) = 67*o**2 + 15*o + 7. What are the prime factors of r(q)?
5, 113
Suppose 7*l + 10 = 10. Suppose 21*x - 161 - 4018 = l. What are the prime factors of x?
199
Suppose 4*z - 32 = 0, -6*q - 30039 = -7*q + 2*z. List the prime factors of q.
5, 6011
Let x be 1*(-3 - -4)*-7. Let d(k) = -k**2 - 5*k + 18. Let y be d(x). List the prime factors of y/(-10) + (-134)/(-10).
13
Let p = 14067 + -7188. Suppose 2403 = 17*r - p. What are the prime factors of r?
2, 3, 7, 13
Let f = 28952 - 17969. What are the prime factors of f?
3, 7, 523
Let r(k) = k**2 - 2*k + 11. Let n = -281 + 180. Let z be 28/126 - n/(-9). List the prime factors of r(z).
2, 7, 11
Suppose 23338*h - 23334*h - 9608 = 0. What are the prime factors of h?
2, 1201
Let b(k) = -k**3 - 9*k**2 - k + 8. Let j be b(-9). Let a be j + -15 - (1 - -9). List the prime factors of ((-129)/(-2) + (a - -7))*2.
127
Let v = 3853 - -50. What are the prime factors of v?
3, 1301
Suppose 0 = -g + 2*u + 7, 4*g + 7 - 29 = 2*u. Suppose g*f + 1 - 11 = -5*k, -2*k - 5*f = 11. Suppose 0 = k*s - 32 - 38. List the prime factors of s.
2, 5
Let g = 22 + -22. Suppose g = -4*a + 619 - 155. Let j = -30 + a. What ar